f s?
3, 29
Let v be 3*1*2/(-3). Let d be (-3965)/39 + v/(-3). Let p = d + 219. What are the prime factors of p?
2, 59
Let z be 4*45/(-12)*(-2)/5. Suppose -948 = -z*s + 2220. List the prime factors of s.
2, 3, 11
Suppose -2*j + 3*h = -73326, -99448 = -5*j + 2*h + 83878. Suppose 63*i - 42*i - j = 0. List the prime factors of i.
2, 3, 97
Let p be (3 - 14) + (-14)/((-28)/6). Let i(l) be the first derivative of l**3 + 23*l + 3. What are the prime factors of i(p)?
5, 43
Let a(x) = 34*x**2 + 3038*x - 191. List the prime factors of a(-102).
43669
Suppose -7 = -2*g - 2*x + 5, -5*x = 4*g - 27. Let a be 0/(-8*(-9)/72). Suppose 216 = -a*j + g*j. List the prime factors of j.
2, 3
Let f(x) = -928*x - 3361. What are the prime factors of f(-35)?
37, 787
Suppose -120*c - 76*c + 2477440 = 0. What are the prime factors of c?
2, 5, 79
Suppose 115*z - 114*z = 5. Suppose 68 - 3 = z*w. Suppose -270 = w*h - 15*h. List the prime factors of h.
3, 5
Let d(p) be the second derivative of -p**5/20 + p**4/6 + 26*p**2 - 106*p + 2. Let y(l) = l**2 - 3*l + 2. Let g be y(2). List the prime factors of d(g).
2, 13
Let x(o) = 3375*o - 136. Let f be x(4). Suppose 21*p - f - 11815 = 0. List the prime factors of p.
11, 109
Let t be 1 + 4 - 122*2. Let m = t - -290. What are the prime factors of m?
3, 17
Let t be -3 + (12 + -5 - 1). Suppose 2*v + 871 = 3*w - 975, -w = -t*v - 606. List the prime factors of w.
2, 3, 103
Suppose -67*s + 62*s = -5. What are the prime factors of ((-8)/8)/(s/(-401))?
401
Suppose -11*z = 5*q - 13*z + 363, 2*z - 150 = 2*q. Let s = q - -751. List the prime factors of s.
2, 5, 17
Let k(a) = -2*a**3 + 13*a**2 - 3*a + 1. Let p be (1/2 - 1) + (-2)/4. Let b be (2*3)/((3 + -4)/p). List the prime factors of k(b).
19
Let w = 199 + -71. Suppose -10*t = -d - 9*t + w, -640 = -5*d + 2*t. What are the prime factors of d?
2
Let w(m) = 85*m**2 - 91*m + 780. What are the prime factors of w(10)?
2, 3, 5, 31
Let z(f) = -10*f**3 + 1295*f**2 - 161*f - 508. What are the prime factors of z(129)?
2, 7741
Let o = 49 - 43. Let p be (-24)/o*15/(-12). Suppose r - 4*t + 70 = 2*r, p*r = 4*t + 278. What are the prime factors of r?
2, 29
Suppose 21*n - 7 - 77 = 0. Suppose 19*p = -3*k + 20*p + 3070, -k + 1027 = -n*p. List the prime factors of k.
3, 11, 31
Let r be 8/(-32) - (-363)/(-4). What are the prime factors of r/(5/60*-4)?
3, 7, 13
Suppose 0 = 111*j - 102046 - 446405. What are the prime factors of j?
3, 61
Let q be 3 - 35/5 - (-5 + 1). Suppose 3*y - 15 = q, -4*a + a = 3*y - 30. What are the prime factors of a*((-1608)/150)/(2/(-5))?
2, 67
Let r(f) = 16*f**3 + f**2 - 4*f - 5. Let q be r(4). Let x = q + -287. What are the prime factors of x?
2, 3, 61
Suppose -2363 = -5*g + 2052. Suppose -c = 5*n - g, n + n = 0. What are the prime factors of c?
883
What are the prime factors of -56845*((-1365)/75 + 18)?
11369
Let r(q) = -2*q**2 - 36*q + 4. Let y be r(-18). Suppose w + 1486 = 5*g + y*w, -2*g + 592 = 2*w. What are the prime factors of g?
13, 23
Let z(j) = -j**2 + 69*j - 15. Let m be z(47). Suppose -10131 - m = -10*n. List the prime factors of n.
5, 223
Let u(y) = 573*y**2 - 43*y - 5. List the prime factors of u(5).
5, 7, 13, 31
Let a be (-3)/((-42)/4) - 168/(-98). Suppose -4*l + 408 = -2*l - a*w, l = 2*w + 208. What are the prime factors of l?
2, 5
What are the prime factors of 9910*(6 + 3 + -15 + 7)?
2, 5, 991
Let k(w) = -577*w**3 + w**2 - 3*w - 5. Let m be k(-1). Suppose 2*x - 1221 + 109 = -2*r, r = 4*x + m. List the prime factors of r.
2, 5, 7
What are the prime factors of 7/(70/4) + (-112845)/(-75)?
5, 7, 43
Let q(k) = k**3 + 3*k**2 + k + 5. Let g be q(-3). Let j be g/1*6/4 + -1. Suppose -15 = -5*a - 3*z + 64, 4*a - 50 = j*z. List the prime factors of a.
2, 7
Suppose 0*n = -3*n + 3. Let g be 13/4 + n - (-43)/(-172). Suppose -670 = -5*y - 5*d, -g*d - 140 = -y - 2*d. List the prime factors of y.
2, 17
Let l(x) = -5188*x - 633. What are the prime factors of l(-2)?
9743
Suppose -u + 11082 = -y, u - 662*y + 665*y - 11090 = 0. What are the prime factors of u?
2, 17, 163
Suppose 0 = -2*o + 63 - 47. List the prime factors of (-2344)/(-23) + 2002/(-253) + o.
2, 3, 17
Suppose 8*r + 9*r - 8*r = 0. Suppose -14*l + 16*l - 102 = r. What are the prime factors of l?
3, 17
Suppose 3*n - 141248 = -5*f + 71152, 5*n = -4*f + 169920. List the prime factors of f.
2, 3, 5, 59
Suppose -1386*m - 59400 = -1395*m. What are the prime factors of m?
2, 3, 5, 11
Suppose -9636 + 658 = -q. List the prime factors of q.
2, 67
Suppose -30*a + 25*a = -685. Let n = 14 + a. What are the prime factors of n?
151
Let n be 4/(-2)*-6*(-1)/(-4). Let q be (-4 + (-9)/(-2))*0 + n. Suppose -5*h = -5*g - 260, -q*h - g + 136 = -0. List the prime factors of h.
47
Let k be (-547883)/(-21) + (-7)/(-21). What are the prime factors of 6/18 - k/(-30)?
2, 3, 5, 29
Let s be 5 + -6 + 6 + (-2 - 1). List the prime factors of -926*1/(5 + (-4 - s)).
2, 463
Let r be (-38 + 14)*26/(-6). Suppose -102*j + r*j = 1002. What are the prime factors of j?
3, 167
Let o(l) = l**3 + 68*l**2 - 42*l + 137. What are the prime factors of o(-64)?
3, 19, 337
Let x = 84750 + -50379. List the prime factors of x.
3, 19, 67
Let i = -10664 + 27483. Suppose -29*h + i = -813. What are the prime factors of h?
2, 19
Let q(c) = c**2 + 6*c + 7. Suppose 4*w = 2*w - 10. Let s be q(w). List the prime factors of (s/(-4))/(6/(-828)).
3, 23
Let d = -2331 + 5628. What are the prime factors of d?
3, 7, 157
Suppose 0 = 3*u + 2*p - 19, 19 = -2*u + 8*p - 3*p. Suppose n + 3*b = 331, u*b + 0 = -6. List the prime factors of n.
337
Suppose 0 = 62*h - 235357 + 69941. List the prime factors of h.
2, 23, 29
What are the prime factors of -1 + (3096 - -15) - 2/(2/(-2))?
2, 389
Suppose 0 = 5*g - 10 - 5, w + 5*g - 15 = 0. Suppose w*m = -13*m + 91. Let t(i) = 16*i + 37. What are the prime factors of t(m)?
149
List the prime factors of (36/(-2))/(12/(-1480)).
2, 3, 5, 37
Let b = -936 + 2892. List the prime factors of b.
2, 3, 163
Let b = -19921 + 32737. List the prime factors of b.
2, 3, 89
Let a be 0/(((-8)/(-10))/((-86)/(-215))). Let j = -7 + 7. Suppose j*u + 2*u - 4*g - 70 = a, 0 = -u - 2*g + 43. What are the prime factors of u?
3, 13
Let w be (-189)/(-17) + 14/(-119). Suppose -990 = -w*n + 8*n. What are the prime factors of n?
2, 3, 5, 11
Let o(i) = 56*i + 5433. What are the prime factors of o(26)?
83
Suppose -7715 + 1989 = -7*j. Let c = 1016 - j. List the prime factors of c.
2, 3, 11
What are the prime factors of 2 + 48088 - (20 + -2 + -13)?
5, 59, 163
Suppose 4*w + 3*y = 657, 2*w - 3*y - 360 = -27. Suppose -1562*o + 1554*o - 352 = 0. Let p = o + w. List the prime factors of p.
11
What are the prime factors of 1710215/130 + (-6)/(-4)?
59, 223
Suppose 2281*p - z - 22966 = 2277*p, 5743 = p - z. What are the prime factors of p?
5741
Let y be (-6)/((-5)/((-50)/15))*-1. Suppose q + 813 = y*l - 0*q, 5*l - 1014 = -q. What are the prime factors of l?
7, 29
Let k(w) = 96*w - 3. Let y be k(2). Let z = -96 - -363. Let b = z - y. List the prime factors of b.
2, 3, 13
Let y = 350 - 163. Suppose 513 = w - y. List the prime factors of w.
2, 5, 7
Suppose 0 = -3*y - 3, 4*p + p - y - 181 = 0. Suppose 75 = 3*c + p. List the prime factors of c.
13
Let h be (39/6)/(55/20 + -3). Suppose d = -r + 63, 2*r = 4*d - 0*d - 228. Let g = d + h. List the prime factors of g.
3, 11
Let u(l) = 126*l**2 + 2*l - 7. Let w(j) = 255*j**2 + 3*j - 13. Let n(p) = -5*u(p) + 3*w(p). List the prime factors of n(-3).
2, 607
Suppose m + 640 = 6*m. Let k = -603 - -563. Let l = k + m. What are the prime factors of l?
2, 11
Suppose 727*m - 50103 = 708*m. What are the prime factors of m?
3, 293
Let v(s) = -s**2 - 39*s + 2. Let h be v(-39). What are the prime factors of (428/h)/(63/126)?
2, 107
List the prime factors of (-36)/(-17) - 2 - (74110/(-85) + -1).
3, 97
Let q(m) = -m**2 - 10*m + 61. Let s be q(-14). Suppose -s*a + 651 = -1114. List the prime factors of a.
353
Let p = -471 + 474. Suppose 0*i + 3*i = p*j - 624, -3*i - 204 = -j. List the prime factors of j.
2, 3, 5, 7
Let d(u) = 82*u - 19. Let z be d(9). List the prime factors of (-7)/(-7)*1 - z/(-1).
2, 3, 5
Suppose 3*a + 4*l = -28, 5*a + 16*l + 42 = 14*l. Let y(n) = -8*n**2 - 68*n + 11. What are the prime factors of y(a)?
43
Let k(z) = -5*z**3 - 7*z**2 - 24*z + 2. Let t be k(-8). Let q